Give l(k).
8
Let v(g) be the second derivative of -7*g**3/3 + g**2/2 - 5*g + 1. What is v(1)?
-13
Let g(u) = u**2 - 4*u - 4. Suppose i = -4*i + 20. Suppose 22 = i*r + 6. Suppose 18 = r*m - m. What is g(m)?
8
Let w(o) be the third derivative of -o**4/12 + o**3/6 + 246*o**2. Determine w(2).
-3
Let c(w) = 9 - w + 2*w**2 + 4*w - 7. Suppose 3*b = 3*y + 12, 2*b + 5*y - 3 = 12. Suppose 0*f + 2*f = -b*d - 2, -4*d + 2*f - 16 = 0. Calculate c(d).
4
Suppose 3*q = -q + 2*f + 202, -4*f - 20 = 0. Let z(h) = h**3 + 108*h**2 + 7*h - q*h**2 - 13 - 50*h**2. Calculate z(-9).
5
Let k(t) = -6*t - 3 - 8*t**2 + 3*t**2 + 4*t**2. Let q be k(-4). Let x(m) = -2*m + 1. Determine x(q).
-9
Let i(h) = h**3 + 4*h**2 + 1. Let w be i(-4). Let u be 2*(-1)/1*w. Let l(a) be the first derivative of a**4/4 + 2*a**3/3 + a**2 + 3*a - 5. Determine l(u).
-1
Suppose -i - 12 = -5*z + 4, 2*z = 2*i. Let n(s) = s**2 - 6*s + 4. Calculate n(z).
-4
Let d = 42 - 9. Let o = 33 - d. Let l(y) = y**3 + y**2 - 3. What is l(o)?
-3
Let z = 24 - 23. Suppose z = -6*f + 13. Let a(h) = -h - 1 - 6*h**2 - h + 5*h**f + h**3. Calculate a(3).
11
Let k(i) = 7*i + 6. Let s(c) = -3*c - 3. Let w(r) = 2*k(r) + 5*s(r). Let a(m) = m - 5*m + m. Let d be a(2). What is w(d)?
3
Let r = -114 + 126. Let i(b) = -b**2 + 10*b + 7. Determine i(r).
-17
Let s(w) = -w**2 - 2*w - 1. Suppose u + i = 1 + 6, 4*u = 2*i - 2. Suppose 15 = u*v + 21. What is s(v)?
-4
Let n = -603 - -610. Let c(m) = -m**2 + 6*m + 2. Determine c(n).
-5
Let f(q) = -q - 3. Let v be 9/(-2)*(-106)/(-159). Determine f(v).
0
Let k(w) = 7*w**2 + 7*w + 21. Let o(z) = -3*z**2 - 3*z - 11. Let r(d) = -2*k(d) - 5*o(d). Give r(0).
13
Let o(c) = -2*c + 10. Suppose s + 12 = w, 4*w - 33 = 5*s + 20. Let i = 15 - w. What is o(i)?
-6
Suppose 10*h + 451 - 461 = 0. Let d(k) = -3*k**2 - k. What is d(h)?
-4
Let j(a) be the second derivative of -3/2*a**2 + 1/2*a**3 + 0 - 12*a. Determine j(-4).
-15
Let a be (-4)/6*-6*(-15)/12. Let i(z) be the third derivative of 2*z**2 - 7/24*z**4 + 0*z + 0 + 1/3*z**3 + 1/120*z**6 + 1/15*z**5. Calculate i(a).
12
Let i be (-7)/(14/(-4)) + -2. Let u(z) = z**3 - 3*z + 2*z**2 - 6*z**2 - 3 - 4 + i. Suppose 0 = -2*x - 5*o - 10, -x - 8*o + 4*o - 11 = 0. Give u(x).
3
Let t(i) be the second derivative of 0 + 1/6*i**3 - 2*i**2 - 14*i. Determine t(5).
1
Let j(l) be the second derivative of -l**8/3360 - l**7/2520 - l**6/720 - l**4 + 39*l. Let a(f) be the third derivative of j(f). Give a(-1).
2
Suppose k + 11 = 5*q - 8, -14 = k - 4*q. Let p(s) be the first derivative of s**3/6 - 3*s**2 - 2*s - 3. Let b(c) be the first derivative of p(c). What is b(k)?
0
Let v(i) be the first derivative of -5*i**4/4 + i**3 + i**2/2 - 233. Determine v(-2).
50
Let z(m) = -2*m + 563 + 3*m - 278 - 275. Determine z(-10).
0
Let y(c) be the first derivative of c**2 + 14*c - 78. What is y(-8)?
-2
Let p(u) be the first derivative of 9*u + 32 - 1/2*u**2. Calculate p(12).
-3
Let t(w) be the third derivative of -w**4/24 - 4*w**3/3 + 135*w**2 - 3*w. Determine t(-2).
-6
Let j(l) = 39*l**2 + 11*l - 15. Let x(v) = -20*v**2 - 6*v + 8. Let q(z) = -6*j(z) - 11*x(z). Calculate q(2).
-54
Let b(v) = -6*v - 1. Let l(x) = 18*x + 2. Suppose -2*j + 2*d = 28, -4*j + d - 44 = -0*d. Let q(s) = j*b(s) - 3*l(s). Determine q(-3).
-14
Let u(k) = -2*k**2 - 5*k - 4. Let y(t) = t + 9. Suppose 0 = 3*x - 21 - 6. Let n be y(x). Let o be (-4)/n + 75/(-27). Give u(o).
-7
Let u(h) = -h**3 + 5*h**2 + 10*h - 14. Let n be (92/18 - -1) + 389/(-3501). Determine u(n).
10
Let z be (-270)/(-81) + (-2)/6. Let c(h) = -3*h**2 - 4 + h**3 - 3*h + 5 + 5*h. Give c(z).
7
Let s(c) = c**2 + c + 5. Let u be s(0). Let a(i) be the third derivative of 0*i + 1/60*i**5 + 3*i**2 + 0 - 7/24*i**4 + 1/3*i**3. What is a(u)?
-8
Let z(x) = 9*x**2 + 4*x**2 - 5*x**2 - 4*x**2 - 3 + 1 - 3*x. Determine z(-2).
20
Suppose y = 5*n + 24, -36 + 30 = y + n. Let k(p) = -p**3 + p + 1. Calculate k(y).
1
Let a(z) = 0*z - 385*z**2 + 395*z**2 + z + 2. What is a(-2)?
40
Let h be (-4)/(-18) - (2210/(-180) - -10). Let g(o) be the first derivative of 1/4*o**4 - h*o**2 + o**3 - 4 - 3*o. Give g(-4).
1
Let h(o) = 2*o**2 + o - 4. Let c be 2/(-11) - 204/(-33). Suppose -4*p = c - 14. Let b be h(p). Let w(x) = -x**2 + 6*x + 4. Give w(b).
4
Let i(b) = b - 1. Let r = 8 + -5. Suppose -4 = -x - r*x. Let h = -6 + x. Determine i(h).
-6
Suppose 0 = p + 2*o + 4, -o - 4 = -0. Let z(j) = -7 - 4*j**2 - j**2 - 3*j**3 - j + p*j**3 + 6*j**2. Let b(u) = -u**2 + u. Let k be b(1). Calculate z(k).
-7
Let n(m) = 14*m + 70. Let o be n(-5). Let f(w) = w**2 + w + 14. What is f(o)?
14
Let k = -16 - -33. Let u(l) = -7 - 9 + 4*l + k + 2*l**2. Suppose 0 = -3*z + 5*d + 11, -8 = z - 5*z + 5*d. Calculate u(z).
7
Let h(a) = -16*a. Let u be ((-2)/6)/(1/3). Determine h(u).
16
Let r(k) = 3*k**2 - 4*k + 3. Let s(n) = -4*n**2 + 4*n - 3. Let b(f) = -6*r(f) - 4*s(f). Determine b(5).
-16
Let f(t) = t**3 + 7*t**2 + t - 5. Let u(c) = c**3 + 12*c**2 + 31*c - 14. Let z be u(-8). Give f(z).
25
Let g(s) = -5*s + 3. Suppose 7 - 4 = -y, -1 = 2*a + 3*y. Determine g(a).
-17
Let r(y) = 15*y**2 - 3*y**3 + 4*y**3 - 1 + 3*y - 8*y**2 - 4*y**2. Suppose 4*s - 19 = f, -5*f + s - 23 = -s. Give r(f).
-10
Suppose 0 = 7*y - 249 + 214. Let a(i) = 2*i**2 - 8*i + 7. Give a(y).
17
Suppose -s = -3 - 4. Let u(h) = h + 6. Let v(b) = 3*b + 17. Let j(a) = s*u(a) - 2*v(a). Determine j(0).
8
Let a(i) = 3*i + 70. Suppose -290*w + 240*w - 1100 = 0. What is a(w)?
4
Let h = 29 - 20. Suppose -8*l + h = -11*l. Let t(q) = 0*q - 2 - q + 5. What is t(l)?
6
Let j(s) = 2 + 0*s**2 + 0 - 2*s - 2*s**2. Give j(3).
-22
Let n(c) = -2*c**2 - c - 1. Let u(h) = 6*h**2 + h + 2. Let d(y) = -2*n(y) - u(y). Suppose z = 2*j + 2 - 23, -9 = 2*j + 5*z. Let s = j + -9. Determine d(s).
-3
Let z = -25 + 38. Let o be (-18)/(-1)*(2 + (-3 - -2)). Let g = o - z. Let b(m) = -m**3 + 6*m**2 - 5*m + 6. What is b(g)?
6
Let x = -3 + 5. Let v(h) be the first derivative of -5*h**3/3 + 3*h**2/2 - h - 88. What is v(x)?
-15
Let s(g) = g - 8. Suppose 4*k + 6 = 2*c + 2*k, -4*c = 4*k + 28. Suppose -2 - 6 = -2*b. Let y = b - c. Determine s(y).
-2
Suppose 12*r + 847 - 919 = 0. Let n(o) = 9*o + 2. Determine n(r).
56
Let a(d) = -1180*d + 2362*d - 1184*d + 1. Let w = -8 + 13. Suppose -o - 5*u = -4*o - 1, w*o - 5*u = 5. Determine a(o).
-5
Suppose 5*n - 4*t = 17, 2*n + 0*t = 3*t + 11. Let l(y) = -8*y**2 - 10*y - 11. Let z(a) = -a**3 - a**2 + 1. Let k(f) = n*l(f) + z(f). Calculate k(-8).
6
Let r(q) = 1 + q + 2*q + q**2 + 2*q**2 - q**3. Let l(z) = 34*z - 200. Let x be l(6). Determine r(x).
-3
Let m(z) be the first derivative of z**2/2 + 26*z + 77. Give m(-12).
14
Let n(f) = -2*f**3 - 3*f**2 - f. Let g(s) = 2*s**2 - 4*s + 3. Let h be g(2). Suppose d = -2 + h. Let o be ((-9)/27)/(d/6). Calculate n(o).
6
Let z(y) = y**2 + y + 1. Let o = 224 - 225. Calculate z(o).
1
Let b = -219 - -219. Let k(i) = -i**3 + i**2 - i - 23. What is k(b)?
-23
Let t(g) = 3 + 22*g**3 - 1 - 4*g**2 - 23*g**3 + 7*g. Determine t(-5).
-8
Let j(z) = 12*z**2 - 38 + 6 - 11*z**2. Determine j(0).
-32
Let t(r) be the second derivative of -17*r**5/20 - r**3/3 - r**2/2 + 52*r. Calculate t(-1).
18
Let j(g) = -2*g + 4. Let u = 43 + -43. Let r = -3 + u. Determine j(r).
10
Let l(c) = -2*c**3 + c - 1. Let w(m) = m**3 - 3*m**2 - 2*m - 2. Let r(g) = -l(g) - w(g). Let x be (-4)/(-10) - 46/(-10). Let t = x + -8. Give r(t).
0
Suppose -7*l = 1444 - 1402. Let g(d) = -2*d + 3 - 3 - 1 - 2. What is g(l)?
9
Let t(c) = -c**3 + 5*c**2 - 4*c + 6. Suppose -4*h = 4*g - 3*g - 20, -4*h + 4 = -3*g. Give t(h).
6
Let g(j) = j - 4*j + 2 - 1. Suppose 218 = -17*l + 184. Calculate g(l).
7
Let x(f) be the first derivative of 8*f**3 - f**2/2 - 17. Calculate x(1).
23
Let b(d) = -8*d**2 - 6*d + 7. Let p be b(2). Let y = -42 - p. Let g(x) = x**2 - 5*x + 9*x - 6 + 0*x**2. Give g(y).
-1
Let f = 47 + -47. Let p(c) = -c**3 - c**2 + c + 4. Let x be p(f). Let s(t) = 1. Let b(d) = d - 12. Let r(a) = 2*b(a) + 18*s(a). What is r(x)?
2
Let f(s) = -4*s + 14*s - 2*s**2 + 26 - 6*s - 7*s - 9*s. What is f(-8)?
-6
Let b(d) = d**2 - 6*d + 2. Let a = 16 + -22. Let y(t) = 1. Let z(w) = a*y(w) - b(w). Let l = 325 + -318. Calculate z(l).
-15
Let i = 15 - 5. Suppose -4*c + 9 = u - 2*u, -5*c = -i. Let q be u - 8/((-4)/1). Let w(d) = -7*d + 1. What is w(q)?
-6
Let z(u) = -8*u**3 + 5*u**2 + 2*u + 1